
List the prime factors of 130801.
11, 23, 47
List the prime factors of 2079.
3, 7, 11
What are the prime factors of 1698?
2, 3, 283
List the prime factors of 11152.
2, 17, 41
List the prime factors of 72099.
3, 8011
List the prime factors of 309.
3, 103
List the prime factors of 90777.
3, 30259
What are the prime factors of 8958?
2, 3, 1493
List the prime factors of 3121.
3121
List the prime factors of 99957.
3, 11, 13, 233
List the prime factors of 3401.
19, 179
List the prime factors of 102871.
102871
List the prime factors of 119.
7, 17
What are the prime factors of 115995?
3, 5, 11, 19, 37
List the prime factors of 59477.
11, 5407
What are the prime factors of 137385?
3, 5, 43, 71
What are the prime factors of 2149?
7, 307
What are the prime factors of 5132?
2, 1283
What are the prime factors of 2898?
2, 3, 7, 23
What are the prime factors of 2078?
2, 1039
List the prime factors of 2077.
31, 67
List the prime factors of 1595.
5, 11, 29
List the prime factors of 1341.
3, 149
List the prime factors of 354.
2, 3, 59
List the prime factors of 28.
2, 7
What are the prime factors of 785?
5, 157
What are the prime factors of 2741?
2741
What are the prime factors of 5888?
2, 23
List the prime factors of 858.
2, 3, 11, 13
What are the prime factors of 956?
2, 239
What are the prime factors of 99283?
101, 983
List the prime factors of 181.
181
What are the prime factors of 570?
2, 3, 5, 19
List the prime factors of 4195.
5, 839
What are the prime factors of 12163?
12163
What are the prime factors of 1691?
19, 89
List the prime factors of 61.
61
What are the prime factors of 6920?
2, 5, 173
What are the prime factors of 8192?
2
List the prime factors of 116778.
2, 3, 19463
List the prime factors of 4977.
3, 7, 79
List the prime factors of 17855.
5, 3571
List the prime factors of 21026.
2, 10513
What are the prime factors of 97925?
5, 3917
List the prime factors of 3690.
2, 3, 5, 41
What are the prime factors of 19249?
19249
What are the prime factors of 2497?
11, 227
List the prime factors of 17195.
5, 19, 181
List the prime factors of 1237.
1237
What are the prime factors of 4470?
2, 3, 5, 149
List the prime factors of 111496.
2, 7, 11, 181
What are the prime factors of 36483?
3, 12161
List the prime factors of 5038.
2, 11, 229
List the prime factors of 18920.
2, 5, 11, 43
List the prime factors of 536.
2, 67
List the prime factors of 822.
2, 3, 137
What are the prime factors of 3608?
2, 11, 41
What are the prime factors of 15338?
2, 7669
List the prime factors of 46451.
46451
List the prime factors of 49198.
2, 17, 1447
What are the prime factors of 2643?
3, 881
List the prime factors of 3587.
17, 211
What are the prime factors of 5691?
3, 7, 271
List the prime factors of 6343.
6343
List the prime factors of 70028.
2, 7, 41, 61
What are the prime factors of 1611?
3, 179
What are the prime factors of 30803?
30803
List the prime factors of 16275.
3, 5, 7, 31
What are the prime factors of 5823?
3, 647
List the prime factors of 57699.
3, 2137
What are the prime factors of 10767?
3, 37, 97
List the prime factors of 1824.
2, 3, 19
What are the prime factors of 1087?
1087
What are the prime factors of 628?
2, 157
List the prime factors of 524.
2, 131
What are the prime factors of 20484?
2, 3, 569
What are the prime factors of 555?
3, 5, 37
What are the prime factors of 6378?
2, 3, 1063
List the prime factors of 26209.
26209
What are the prime factors of 39157?
39157
What are the prime factors of 691?
691
What are the prime factors of 5365?
5, 29, 37
List the prime factors of 2866.
2, 1433
What are the prime factors of 2053?
2053
What are the prime factors of 4997?
19, 263
List the prime factors of 3375.
3, 5
List the prime factors of 45.
3, 5
List the prime factors of 46695.
3, 5, 11, 283
List the prime factors of 3179.
11, 17
List the prime factors of 948.
2, 3, 79
What are the prime factors of 6261?
3, 2087
What are the prime factors of 9642?
2, 3, 1607
List the prime factors of 4253.
4253
What are the prime factors of 15430?
2, 5, 1543
What are the prime factors of 18776?
2, 2347
What are the prime factors of 4585?
5, 7, 131
What are the prime factors of 17796?
2, 3, 1483
What are the prime factors of 3390?
2, 3, 5, 113
List the prime factors of 2459.
2459
What are the prime factors of 18354?
2, 3, 7, 19, 23
List the prime factors of 4340.
2, 5, 7, 31
List the prime factors of 1017.
3, 113
What are the prime factors of 6907?
6907
What are the prime factors of 57349?
57349
What are the prime factors of 248?
2, 31
What are the prime factors of 54475?
5, 2179
List the prime factors of 27535.
5, 5507
List the prime factors of 333.
3, 37
List the prime factors of 10002.
2, 3, 1667
List the prime factors of 463.
463
What are the prime factors of 3371?
3371
What are the prime factors of 16432?
2, 13, 79
List the prime factors of 11196.
2, 3, 311
List the prime factors of 4377.
3, 1459
What are the prime factors of 980?
2, 5, 7
What are the prime factors of 1802?
2, 17, 53
List the prime factors of 2078.
2, 1039
List the prime factors of 2075.
5, 83
What are the prime factors of 7148?
2, 1787
List the prime factors of 302.
2, 151
What are the prime factors of 1217?
1217
What are the prime factors of 15002?
2, 13, 577
What are the prime factors of 2979?
3, 331
What are the prime factors of 22724?
2, 13, 19, 23
What are the prime factors of 2750?
2, 5, 11
What are the prime factors of 2679?
3, 19, 47
What are the prime factors of 4510?
2, 5, 11, 41
List the prime factors of 15550.
2, 5, 311
List the prime factors of 148665.
3, 5, 11, 17, 53
What are the prime factors of 7279?
29, 251
List the prime factors of 3130.
2, 5, 313
What are the prime factors of 17219?
67, 257
List the prime factors of 8782.
2, 4391
List the prime factors of 35751.
3, 17, 701
What are the prime factors of 16002?
2, 3, 7, 127
What are the prime factors of 2640?
2, 3, 5, 11
List the prime factors of 997.
997
List the prime factors of 76670.
2, 5, 11, 17, 41
What are the prime factors of 62909?
7, 11, 19, 43
List the prime factors of 4850.
2, 5, 97
List the prime factors of 165017.
47, 3511
List the prime factors of 1948.
2, 487
What are the prime factors of 4359?
3, 1453
List the prime factors of 9708.
2, 3, 809
What are the prime factors of 5006?
2, 2503
List the prime factors of 21945.
3, 5, 7, 11, 19
List the prime factors of 3744.
2, 3, 13
What are the prime factors of 345?
3, 5, 23
List the prime factors of 10674.
2, 3, 593
What are the prime factors of 17681?
17681
What are the prime factors of 6105?
3, 5, 11, 37
What are the prime factors of 15760?
2, 5, 197
What are the prime factors of 3419?
13, 263
List the prime factors of 4619.
31, 149
What are the prime factors of 3690?
2, 3, 5, 41
List the prime factors of 1557.
3, 173
What are the prime factors of 492?
2, 3, 41
What are the prime factors of 10420?
2, 5, 521
List the prime factors of 26619.
3, 19, 467
What are the prime factors of 16589?
53, 313
What are the prime factors of 7424?
2, 29
What are the prime factors of 3970?
2, 5, 397
What are the prime factors of 3726?
2, 3, 23
List the prime factors of 15329.
15329
What are the prime factors of 2045?
5, 409
List the prime factors of 38804.
2, 89, 109
List the prime factors of 40867.
40867
List the prime factors of 127.
127
List the prime factors of 44485.
5, 7, 31, 41
List the prime factors of 204.
2, 3, 17
List the prime factors of 34034.
2, 7, 11, 13, 17
List the prime factors of 16665.
3, 5, 11, 101
What are the prime factors of 44196?
2, 3, 29, 127
What are the prime factors of 1111?
11, 101
List the prime factors of 52918.
2, 26459
List the prime factors of 844.
2, 211
List the prime factors of 17961.
3, 5987
What are the prime factors of 55445?
5, 13, 853
What are the prime factors of 14951?
14951
List the prime factors of 1569.
3, 523
What are the prime factors of 210461?
210461
List the prime factors of 7268.
2, 23, 79
What are the prime factors of 184509?
3, 13, 19, 83
What are the prime factors of 6525?
3, 5, 29
What are the prime factors of 6978?
2, 3, 1163
List the prime factors of 3184.
2, 199
What are the prime factors of 938?
2, 7, 67
List the prime factors of 91153.
91153
List the prime factors of 25229.
25229
List the prime factors of 2542.
2, 31, 41
Wh